e prime factors of 146982.
2, 3, 11, 17, 131
List the prime factors of 3048141.
3, 43, 23629
What are the prime factors of 14412180?
2, 3, 5, 240203
What are the prime factors of 1039168?
2, 13, 1249
What are the prime factors of 385472?
2, 19, 317
What are the prime factors of 383339?
11, 34849
What are the prime factors of 14124145?
5, 7, 403547
What are the prime factors of 4249292?
2, 569, 1867
What are the prime factors of 6275896?
2, 11, 71317
What are the prime factors of 291493?
31, 9403
List the prime factors of 641133.
3, 71237
List the prime factors of 14896146.
2, 3, 43, 57737
List the prime factors of 503575.
5, 20143
What are the prime factors of 238240?
2, 5, 1489
What are the prime factors of 16550553?
3, 2029, 2719
List the prime factors of 111270.
2, 3, 5, 3709
What are the prime factors of 8901056?
2, 139079
List the prime factors of 108005.
5, 21601
List the prime factors of 218352.
2, 3, 4549
What are the prime factors of 287904?
2, 3, 2999
What are the prime factors of 1106196?
2, 3, 7, 13, 1013
What are the prime factors of 16635943?
163, 102061
What are the prime factors of 115509?
3, 139, 277
What are the prime factors of 2471664?
2, 3, 13, 17, 233
List the prime factors of 1123560.
2, 3, 5, 3121
List the prime factors of 352504.
2, 139, 317
List the prime factors of 90443.
149, 607
What are the prime factors of 204532?
2, 51133
What are the prime factors of 13101575?
5, 524063
What are the prime factors of 258195?
3, 5, 7, 2459
What are the prime factors of 4583687?
149, 30763
List the prime factors of 2741251.
2741251
What are the prime factors of 11682087?
3, 3894029
What are the prime factors of 4270834?
2, 2135417
What are the prime factors of 82183?
82183
List the prime factors of 16119618.
2, 3, 2686603
List the prime factors of 70880.
2, 5, 443
List the prime factors of 15489144.
2, 3, 11, 41, 53
List the prime factors of 5904486.
2, 3, 7, 46861
List the prime factors of 9447913.
37, 255349
List the prime factors of 5637477.
3, 853, 2203
List the prime factors of 419682.
2, 3, 113, 619
What are the prime factors of 3071843?
41, 74923
List the prime factors of 64262.
2, 11, 23, 127
What are the prime factors of 3065432?
2, 383179
List the prime factors of 3652409.
73, 50033
List the prime factors of 552364.
2, 17, 8123
List the prime factors of 1817519.
11, 165229
What are the prime factors of 385249?
385249
What are the prime factors of 459107?
11, 41737
List the prime factors of 35721.
3, 7
List the prime factors of 914602.
2, 13, 29, 1213
List the prime factors of 9583333.
37, 259009
What are the prime factors of 3877773?
3, 1292591
List the prime factors of 1137699.
3, 29, 1453
What are the prime factors of 555438?
2, 3, 13, 7121
What are the prime factors of 1527785?
5, 7, 43651
List the prime factors of 277425.
3, 5, 137
List the prime factors of 9914653.
7, 71, 19949
List the prime factors of 426355.
5, 71, 1201
List the prime factors of 11658929.
11658929
List the prime factors of 7247960.
2, 5, 181199
List the prime factors of 50759.
193, 263
List the prime factors of 204958.
2, 13, 7883
List the prime factors of 27230586.
2, 3, 31, 281, 521
List the prime factors of 350598.
2, 3, 71, 823
List the prime factors of 1569632.
2, 181, 271
List the prime factors of 1661063.
1661063
List the prime factors of 25523.
25523
List the prime factors of 1024384.
2, 53, 151
List the prime factors of 396758.
2, 19, 53, 197
What are the prime factors of 5896714?
2, 47, 62731
List the prime factors of 3008394.
2, 3, 55711
What are the prime factors of 31104620?
2, 5, 1555231
List the prime factors of 3034524.
2, 3, 252877
List the prime factors of 1388994.
2, 3, 181, 1279
List the prime factors of 128513.
7, 11, 1669
List the prime factors of 507498.
2, 3, 41, 2063
List the prime factors of 5376185.
5, 1075237
What are the prime factors of 412865?
5, 71, 1163
What are the prime factors of 2237212?
2, 19, 29437
What are the prime factors of 335549?
347, 967
List the prime factors of 299055.
3, 5, 19937
List the prime factors of 476250.
2, 3, 5, 127
List the prime factors of 9978708.
2, 3, 831559
What are the prime factors of 493545?
3, 5, 13, 2531
What are the prime factors of 3603683?
113, 31891
List the prime factors of 7843.
11, 23, 31
What are the prime factors of 231356?
2, 57839
What are the prime factors of 1020027?
3, 23, 14783
What are the prime factors of 4275631?
23, 185897
List the prime factors of 153322.
2, 13, 5897
What are the prime factors of 564740?
2, 5, 11, 17, 151
What are the prime factors of 1052038?
2, 13, 43, 941
List the prime factors of 4488586.
2, 113, 19861
What are the prime factors of 9249972?
2, 3, 17, 45343
List the prime factors of 109818.
2, 3, 6101
What are the prime factors of 235864?
2, 29483
List the prime factors of 6420362.
2, 13, 246937
What are the prime factors of 17397990?
2, 3, 5, 47, 457
What are the prime factors of 582928?
2, 36433
List the prime factors of 522009.
3, 31, 1871
List the prime factors of 262967.
97, 2711
What are the prime factors of 17978844?
2, 3, 13, 115249
List the prime factors of 39679133.
13, 37, 82493
List the prime factors of 9183943.
197, 46619
What are the prime factors of 7379017?
1427, 5171
What are the prime factors of 5638313?
5638313
List the prime factors of 2898598.
2, 23, 61, 1033
List the prime factors of 1073294.
2, 79, 6793
What are the prime factors of 929986?
2, 464993
List the prime factors of 1352301.
3, 450767
List the prime factors of 9124110.
2, 3, 5, 47, 719
List the prime factors of 23830595.
5, 103, 46273
List the prime factors of 144395.
5, 28879
List the prime factors of 616243.
616243
List the prime factors of 13460737.
109, 123493
List the prime factors of 1246582.
2, 623291
What are the prime factors of 31135097?
7, 4447871
What are the prime factors of 195277?
195277
What are the prime factors of 5041641?
3, 11, 152777
What are the prime factors of 10620287?
661, 16067
What are the prime factors of 5324790?
2, 3, 5, 177493
List the prime factors of 1966758.
2, 3, 163, 2011
What are the prime factors of 27211436?
2, 7, 463, 2099
List the prime factors of 6605735.
5, 191, 6917
What are the prime factors of 206701?
11, 19, 23, 43
List the prime factors of 31677636.
2, 3, 19, 138937
What are the prime factors of 13658678?
2, 11, 620849
What are the prime factors of 561981?
3, 7, 3823
What are the prime factors of 2272447?
281, 8087
What are the prime factors of 153282?
2, 3, 59, 433
What are the prime factors of 367863?
3, 17, 7213
List the prime factors of 1390400.
2, 5, 11, 79
List the prime factors of 778740.
2, 3, 5, 12979
What are the prime factors of 912992?
2, 103, 277
What are the prime factors of 482557?
211, 2287
List the prime factors of 3663319.
11, 333029
List the prime factors of 1876347.
3, 11, 1723
List the prime factors of 976049.
19, 47, 1093
What are the prime factors of 141266?
2, 23, 37, 83
What are the prime factors of 171244?
2, 31, 1381
List the prime factors of 2078783.
7, 296969
List the prime factors of 327184.
2, 11, 13
What are the prime factors of 189353?
189353
List the prime factors of 65034.
2, 3, 3613
List the prime factors of 1922167.
13, 147859
List the prime factors of 16653176.
2, 2081647
List the prime factors of 2866381.
7, 409483
List the prime factors of 2557735.
5, 17, 30091
List the prime factors of 367958.
2, 183979
List the prime factors of 17492736.
2, 3, 22777
List the prime factors of 63919.
41, 1559
What are the prime factors of 9819?
3, 1091
List the prime factors of 19162.
2, 11, 13, 67
What are the prime factors of 239407?
7, 23, 1487
List the prime factors of 28423201.
17, 131, 12763
List the prime factors of 3758981.
1279, 2939
List the prime factors of 39567234.
2, 3, 7, 19, 179, 277
List the prime factors of 74611.
74611
What are the prime factors of 109125?
3, 5, 97
List the prime factors of 1451572.
2, 101, 3593
What are the prime factors of 331769?
331769
List the prime factors of 3291118.
2, 1645559
List the prime factors of 1731442.
2, 865721
List the prime factors of 37807704.
2, 3, 11, 47737
What are the prime factors of 5422098?
2, 3, 11, 82153
What are the prime factors of 219955?
5, 43991
List the prime factors of 2983640.
2, 5, 11, 6781
List the prime f